In base 4, what is 1321 - -11?
1332
In base 12, what is 3aa - -2?
3b0
In base 2, what is -110110000 + 10100?
-110011100
In base 8, what is 3 - 4?
-1
In base 4, what is 3302 - -11?
3313
In base 15, what is -bd + c?
-b1
In base 9, what is -31 + -26?
-57
In base 9, what is -17266 - 0?
-17266
In base 8, what is -5 + 27?
22
In base 14, what is 13 + -a3?
-90
In base 7, what is 12 - 165?
-153
In base 6, what is 2153 + 5?
2202
In base 9, what is 1 + 387?
388
In base 5, what is 131103 - 2?
131101
In base 12, what is -2 + 40?
3a
In base 2, what is 10011101011 + -10?
10011101001
In base 9, what is -38 + 2?
-36
In base 12, what is a6 - -1?
a7
In base 3, what is 20 - -22201002?
22201022
In base 11, what is 4 - 6a3?
-69a
In base 2, what is -101000 + 10110?
-10010
In base 2, what is 10110 + -1111?
111
In base 3, what is -10 - -121?
111
In base 2, what is 100 + 101100111111?
101101000011
In base 15, what is 3 - -9d?
a1
In base 15, what is -7526 + -1?
-7527
In base 14, what is -753 - -4?
-74d
In base 6, what is -5 + 10445?
10440
In base 2, what is -100111 - 1000100?
-1101011
In base 2, what is -100100010 - -10000?
-100010010
In base 12, what is -4 - -1168?
1164
In base 5, what is -23243 + -3?
-23301
In base 14, what is -35 + 1?
-34
In base 14, what is -4d5 - 3?
-4d8
In base 11, what is 2 + 593?
595
In base 16, what is 114 - 3?
111
In base 8, what is 6 - 441?
-433
In base 15, what is 209 + 3?
20c
In base 6, what is 40 + -2?
34
In base 2, what is 11001111 - -11?
11010010
In base 13, what is 25 + -50?
-28
In base 12, what is 3 + -178?
-175
In base 13, what is -1 + 4?
3
In base 12, what is -684 + -8?
-690
In base 13, what is -2 - 128?
-12a
In base 2, what is -100 - 1100110101?
-1100111001
In base 2, what is 100 - 10100011?
-10011111
In base 13, what is 11bb - -1?
11bc
In base 16, what is a + a?
14
In base 10, what is -2 - -131?
129
In base 8, what is 16 - 413?
-375
In base 6, what is -1154 - -34?
-1120
In base 4, what is -2 + -232?
-300
In base 9, what is -1385 - -5?
-1380
In base 2, what is 101 - -100110?
101011
In base 4, what is -1 - -1230?
1223
In base 16, what is 0 - -39?
39
In base 15, what is 4 - a4?
-a0
In base 2, what is 101 + 10111011?
11000000
In base 9, what is 13310 - 2?
13307
In base 13, what is -3 + 469?
466
In base 10, what is 12 + 166?
178
In base 11, what is -5 - -15?
10
In base 15, what is 6 + -14?
-d
In base 12, what is -b + -133?
-142
In base 15, what is 41 + -36?
a
In base 6, what is 13 + 1?
14
In base 16, what is -8 + 20?
18
In base 13, what is 15 - -454?
469
In base 3, what is -212 + 12?
-200
In base 14, what is 2 + -40?
-3c
In base 10, what is -1 - -156?
155
In base 8, what is -20 - -467?
447
In base 4, what is 21 + -3030?
-3003
In base 9, what is 11 + 2183?
2204
In base 8, what is 30146 - -1?
30147
In base 5, what is 2 - 42?
-40
In base 7, what is -646 + -12?
-661
In base 7, what is -514 - -10?
-504
In base 8, what is -1120 - 40?
-1160
In base 6, what is 4 + 4503?
4511
In base 8, what is -62 + 3?
-57
In base 8, what is -10 + -325?
-335
In base 9, what is 4 - 181?
-176
In base 9, what is 1 - 5?
-4
In base 4, what is -3 - -1023?
1020
In base 8, what is 0 + -53?
-53
In base 2, what is -100000011 + 111111?
-11000100
In base 15, what is -1b1 - 5?
-1b6
In base 12, what is 1492 - -5?
1497
In base 9, what is 1 + 1561?
1562
In base 3, what is -122 + -221?
-1120
In base 6, what is 5 - -142?
151
In base 13, what is 82 - -24?
a6
In base 8, what is 1 + 25?
26
In base 12, what is a1 - 8?
95
In base 8, what is 1 - -37?
40
In base 7, what is 12146 - 1?
12145
In base 9, what is -160 + -7?
-167
In base 3, what is 100201202 - 0?
100201202
In base 10, what is -12 - 2?
-14
In base 14, what is a0 - 1?
9d
In base 16, what is 1 + 4e?
4f
In base 9, what is -57 + -72?
-140
In base 14, what is -b - -1c0?
1b3
In base 5, what is -1012 - -4?
-1003
In base 10, what is 2826 - -3?
2829
In base 6, what is 3 + -143?
-140
In base 4, what is -11 + -10122?
-10133
In base 2, what is -11101111001 - 11?
-11101111100
In base 3, what is -1 - -11002?
11001
In base 5, what is 41 + -12?
24
In base 15, what is 10 - 4?
b
In base 7, what is -4 + -3?
-10
In base 3, what is 0 + -211001?
-211001
In base 14, what is -185 - -9?
-17a
In base 16, what is -4e - 1?
-4f
In base 10, what is 3687 - 5?
3682
In base 9, what is 12 - -22?
34
In base 3, what is 12010022 + 11?
12010110
In base 5, what is -20403 - -10?
-20343
In base 3, what is 10022011 - -21?
10022102
In base 3, what is -2100 + -101012?
-110112
In base 4, what is -100 + 1002?
302
In base 3, what is -1102 + 11221?
10112
In base 10, what is 0 + 264?
264
In base 9, what is -18 + -35?
-54
In base 10, what is -2 - 1126?
-1128
In base 2, what is 101 + 1001100000?
1001100101
In base 8, what is 4 - 165?
-161
In base 16, what is -1 + -2d5?
-2d6
In base 4, what is -112 + -2031?
-2203
In base 16, what is 2 + -3a?
-38
In base 14, what is 2 + 294?
296
In base 8, what is 21 + 5?
26
In base 7, what is 135 - -225?
363
In base 4, what is 20 + 2?
22
In base 6, what is -222 - -1?
-221
In base 4, what is 0 + 1101?
1101
In base 4, what is 121102 - 1?
121101
In base 7, what is -314 + 4?
-310
In base 5, what is 10 + 2222?
2232
In base 14, what is d6 - -5?
db
In base 12, what is a24 - 1?
a23
In base 16, what is -3 + -fd?
-100
In base 13, what is 99 + 2?
9b
In base 15, what is -2 + 35?
33
In base 9, what is -5 - -81?
75
In base 12, what is -3 + -3?
-6
In base 4, what is 32 - 0?
32
In base 13, what is -44 - -79?
35
In base 5, what is -2 + 23?
21
In base 14, what is -25 - -33?
c
In base 16, what is 39e + 3?
3a1
In base 6, what is -12 + 44?
32
In base 9, what is 1106 + -6?
1100
In base 6, what is -3432 + 1?
-3431
In base 12, what is 1015 + 5?
101a
In base 15, what is -5 + 149?
144
In base 9, what is 20 + -1176?
-1156
In base 9, what is 457 + -1?
456
In base 7, what is 0 + 614?
614
In base 14, what is 0 - -4?
4
In base 6, what is -4 - 335?
-343
In base 14, what is 7 - 163?
-15a
In base 12, what is 2 - -86a?
870
In base 2, what is -1 + 11010100?
11010011
In base 7, what is 0 - -22?
22
In base 11, what is -3 + 97?
94
In base 15, what is -5 + 26?
21
In base 9, what is 3 + -30?
-26
In base 15, what is -65 - -8?
-5c
In base 16, what is 25b + 2?
25d
In base 9, what is 186 + 5?
202
In base 9, what is -7 + 4?
-3
In base 15, what is 7 + 3d8?
3e0
In base 3, what is 2 + -10000?
-2221
In base 9, what is 0 + -105?
-105
In base 14, what is -11 - -187?
176
In base 6, what is 1 - -4?
5
In base 10, what is 7 + 87?
94
In base 2, what is 101101000 + 0?
101101000
In base 2, what is -11101 - -10101001110?
10100110001
In base 8, what is 5720 - 4?
5714
In base 6, what is -544 + 2?
-542
In base 3, what is 1121 + -1?
1120
In base 3, what is 212000 + 2020?
221020
In base 3, what is -100 - 22?
-122
In base 10, what is -1959 - 1?
-1960
In base 11, what is 121 + 7?
128
In base 9, what is 1731 + 0?
1731
In base 12, what is 53a + 5?
543
In base 13, what is 3c - -c9?
138
In base 11, what is 122a - 1?
1229
In base 6, what is -112 + 253?
141
In base 10, what is 2 - -321?
323
In base 5, what is 3011 + -1?
3010
In base 5, what is 30 - -2404?
2434
In base 15, what is 7 - -12?
19
In base 10, what is -44 + -1?
-45
In base 16, what is -3 - -1?
-2
In base 10, what is -17 - 535?
-552
In base 3, what is -101100 + 1?
-101022
In base 5, what is -133 - -10?
-123
In base 12, what is 106 - -12?
118
In base 7, what is 14 - -113?
130
In base 9, what is -572 + 5?
-566
In base 15, what is -5 - 5?
-a
In base 3, what is 11 - -1100?
1111
In base 11, what is -4 + 372?
369
In base 5, what is 434132 + -4?
434123
In base 14, what is -6 - -4?
-2
In base 13, what is 0 + c7?
c7
In base 15, what is -3 - -8ec?
8e9
In base 8, what is 2 + 101?
103
In base 11, what is -4 - -52?
49
In base 4, what is 111 - -1101?
1212
In base 12, what is 4 + -1186?
-1182
In base 8, what is 5 - 53?
-46
In base 7, what is -3 - 0?
-3
In base 8, what is 631 + -4?
625
In base 16, what is -2 + -7?
-9
In base 10, what is -134 - 84?
-218
In base 6, what is 5 - 344?
-335
In base 9, what is 1060 - -2?
1062
In base 12, what is 1390 + -1?
138b
In base 3, what is 1200 + 1?
1201
In base 2, what is -100 - 110101100100?
-110101101000
In base 3, what is 11012 - -10?
11022
In base 4, what is -112202 + -11?
-112213
In base 6, what is -1343 + 5?
-1334
In base 12, 